{"id":28,"date":"2023-08-20T15:26:32","date_gmt":"2023-08-20T13:26:32","guid":{"rendered":"https:\/\/borjanutri.com\/?page_id=28"},"modified":"2023-08-20T20:10:34","modified_gmt":"2023-08-20T18:10:34","slug":"politica-de-privacidad","status":"publish","type":"page","link":"https:\/\/borjanutri.com\/index.php\/politica-de-privacidad\/","title":{"rendered":"Pol\u00edtica de privacidad"},"content":{"rendered":"\n<p><strong>Qui\u00e9nes somos<\/strong><br>La direcci\u00f3n de nuestra web es: https:\/\/www.borjanutri.com<\/p>\n\n\n\n<ul>\n<li><strong>Qu\u00e9 datos personales recogemos y por qu\u00e9 los recogemos<\/strong><br>latiendaonepiece.com es un sitio web donde no utilizamos un formulario de&nbsp;contacto&nbsp;para facilitar el env\u00edo de consultas y comentarios sobre el sitio web; en substituci\u00f3n ponemos a disposici\u00f3n un email para ponerse en contacto con nosotros. Por ello, los \u00fanicamente los datos que nos llegan expl\u00edcitamente de car\u00e1cter personal son el nombres y el email de los que nos escriben en nuestra cuenta de email. Adem\u00e1s de ese tipo de mensajes nuestra web capta autom\u00e1ticamente informaci\u00f3n t\u00e9cnica derivada a la navegaci\u00f3n por nuestra web, desde las p\u00e1ginas visitadas hasta la direcci\u00f3n IP.<\/li>\n<\/ul>\n\n\n\n<p><strong>Uso de los datos obtenidos, tratamiento y responsable<\/strong><br>Informamos de que a trav\u00e9s de nuestra web no se obtienen datos de car\u00e1cter personal de los usuarios sin su conocimiento, ni tampoco cedemos, compartimos ni vendemos esos datos a terceros, seg\u00fan lo previsto en el art\u00edculo 5 de la LOPD.<\/p>\n\n\n\n<p>En cumplimiento de la Ley 34\/2002, de 11 de julio, de servicios de la sociedad de la informaci\u00f3n y de comercio electr\u00f3nico, como usuario de esta web usted est\u00e1 informado de que el responsable de esta web es Borja Ram\u00edrez, con domicilio en Madrid (Espa\u00f1a).<\/p>\n\n\n\n<p><strong>Obtenci\u00f3n de datos de informaci\u00f3n personal<\/strong><br>En depescar.site obtenemos informaci\u00f3n personal de perfil bajo mediante:<\/p>\n\n\n\n<p><strong>Cookies<\/strong>:<\/p>\n\n\n\n<p>Este sitio web utiliza las siguientes cookies de terceros:<\/p>\n\n\n\n<ul>\n<li><strong>Google Analytics:<\/strong>&nbsp;Almacena cookies para poder elaborar estad\u00edsticas sobre el tr\u00e1fico y volumen de visitas de esta web. Al utilizar este sitio web est\u00e1 consintiendo el tratamiento de informaci\u00f3n acerca de usted por Google. Por tanto, el ejercicio de cualquier derecho en este sentido deber\u00e1 hacerlo comunicando directamente con Google.<\/li>\n\n\n\n<li><strong>Amazon<\/strong>: Almacena una cookie durante 24 horas para poder determinar que usted ha accedido a la p\u00e1gina web de Amazon desde este portal, y no desde otro lugar.<\/li>\n<\/ul>\n\n\n\n<p><strong>Navegaci\u00f3n y Direcci\u00f3n IP:<\/strong><\/p>\n\n\n\n<p>Durante la navegaci\u00f3n por este sitio web, el usuario env\u00eda autom\u00e1ticamente al servidor de la web la informacio\u0144 de su direcci\u00f3n de IP, la fecha y hora de acceso a la web, el sistema operativo y el navegador que se ha utilizado para acceder al sitio web. Tambi\u00e9n se pueden enviar datos relativos a la direcci\u00f3n web desde la cual el usuario ha accedido a este sitio web.<\/p>\n\n\n\n<p>La Agencia Espa\u00f1ola de Protecci\u00f3n de Datos considera que la direcci\u00f3n IP es un dato de car\u00e1cter personal. depescar.site en ning\u00fan momento usar\u00e1 la direcci\u00f3n IP para identificar a sus usuarios. Solo la utilizar\u00e1 y la guardar\u00e1 para elaborar estad\u00edsticas de acceso al sitio web y para analizar tendencias de comportamiento de los usuarios dentro del sitio web. Este site nunca comunicar\u00e1 o ceder\u00e1 estos datos a terceros, salvo requerimiento legal o judicial.<\/p>\n\n\n\n<p><strong>E-mails:<\/strong><\/p>\n\n\n\n<p>En la secci\u00f3n legal, el usuario encontrar\u00e1 una direcci\u00f3n de email para ponerse en contacto con nosotros. Por la naturaleza de un email, intr\u00ednsicamente el usuario env\u00eda su nombre, direcci\u00f3n de email y informaci\u00f3n sobre su consulta; estos datos se utilizan \u00fanicamente para responder por el mismo medio al usuario v\u00eda email.<\/p>\n\n\n\n<p><strong>Normativa de Reglamento General sobre Protecci\u00f3n de Datos (RGPD)<\/strong><\/p>\n\n\n\n<ul>\n<li>A partir de Mayo de 2018, esta web de rige por la normativa del Reglamento General sobre Protecci\u00f3n de Datos (RGPD).<\/li>\n\n\n\n<li>borjanutri-com.preview-domain.com se compromete a utilizar los datos de sus visitantes de acuerdo a la finalidad de los mismos. Tambi\u00e9n se compromete a cumplir la obligaci\u00f3n legal de almacenarlos y adoptar todas las medidas de seguridad necesarias para evitar su modificaci\u00f3n, extrav\u00edo o uso no autorizado, conforme a lo que establece el Real Decreto 1720\/2007 de 21 de diciembre por el que se aprueba el Reglamento de desarrollo de la Ley Org\u00e1nica 15\/1999 de 13 de diciembre, de Protecci\u00f3n de Datos de Car\u00e1cter Personal.<\/li>\n<\/ul>\n\n\n\n<p><strong>Contenido con enlaces a otros sitios web<\/strong><\/p>\n\n\n\n<ul>\n<li>En cualquier p\u00e1gina de depescar.site se pueden encontrar enlaces a p\u00e1ginas web o contenidos propiedad de terceros, cuyas pol\u00edticas de privacidad son ajenas a nuestro sitio web. Nosotros solo nos hacemos responsables de las pol\u00edticas de privacidad de nuestro sitio web.<\/li>\n\n\n\n<li>En ning\u00fan momento se responsabiliza de las consecuencias derivadas de que el usuario acceda a trav\u00e9s de estos enlaces a sitios web o a contenidos propiedad de terceros.<\/li>\n\n\n\n<li>En cualquier caso, latiendaonepiece.com garantiza que se toman las medidas de seguridad adecuadas antes de incluir un enlace en esta web a cualquier propiedad de terceros.<\/li>\n<\/ul>\n\n\n\n<p><strong>Requerimientos t\u00e9cnicos sobre esta web ofrecidos por terceros<\/strong><br>Para el correcto funcionamiento de nuestro sitio web, depescar.site previsa de servicios ofrecidos por terceros, ya sea el alojamiento, dominio, email y plataforma de publicaci\u00f3n de contenidos:<\/p>\n\n\n\n<p>Alojamiento y dominio web hospedado en: Hostinger.es<br>Plataforma web: WordPress.org<br>Plataforma de anal\u00edtica web: Google Analytics<br>Servicio de afiliados: Amazon ES<\/p>\n\n\n\n<p><strong>Derechos ARCO<\/strong><br>Todo usuario de esta web puede ejercitar, respecto de los datos recabados, los derechos ARCO reconocidos en la Ley Org\u00e1nica 15\/1999: derechos de acceso, derechos de rectificaci\u00f3n, derechos de cancelaci\u00f3n de datos y derechos de oposici\u00f3n. Para ejercitar esos derechos, el usuario deber\u00e1 enviar una solicitud por escrito y firmada digitalmente, adjuntando adem\u00e1s una fotocopia de su DNI, a la direcci\u00f3n de correo electr\u00f3nico borjanutri@gmail.com<\/p>\n","protected":false},"excerpt":{"rendered":"<p>Qui\u00e9nes somosLa direcci\u00f3n de nuestra web es: https:\/\/www.borjanutri.com Uso de los datos obtenidos, tratamiento y responsableInformamos de que a trav\u00e9s de nuestra web no se obtienen datos de car\u00e1cter personal de los usuarios sin su conocimiento, ni tampoco cedemos, compartimos ni vendemos esos datos a terceros, seg\u00fan lo previsto en el art\u00edculo 5 de la [&hellip;]<\/p>\n","protected":false},"author":1,"featured_media":0,"parent":0,"menu_order":0,"comment_status":"closed","ping_status":"closed","template":"","meta":{"footnotes":""},"yoast_head":"<!-- This site is optimized with the Yoast SEO plugin v21.8 - https:\/\/yoast.com\/wordpress\/plugins\/seo\/ -->\n<title>Pol\u00edtica de privacidad - Borjanutri<\/title>\n<meta name=\"robots\" content=\"noindex, follow\" \/>\n<meta property=\"og:locale\" content=\"es_ES\" \/>\n<meta property=\"og:type\" content=\"article\" \/>\n<meta property=\"og:title\" content=\"Pol\u00edtica de privacidad - Borjanutri\" \/>\n<meta property=\"og:description\" content=\"Qui\u00e9nes somosLa direcci\u00f3n de nuestra web es: https:\/\/www.borjanutri.com Uso de los datos obtenidos, tratamiento y responsableInformamos de que a trav\u00e9s de nuestra web no se obtienen datos de car\u00e1cter personal de los usuarios sin su conocimiento, ni tampoco cedemos, compartimos ni vendemos esos datos a terceros, seg\u00fan lo previsto en el art\u00edculo 5 de la [&hellip;]\" \/>\n<meta property=\"og:url\" content=\"https:\/\/borjanutri.com\/index.php\/politica-de-privacidad\/\" \/>\n<meta property=\"og:site_name\" content=\"Borjanutri\" \/>\n<meta property=\"article:modified_time\" content=\"2023-08-20T18:10:34+00:00\" \/>\n<meta name=\"twitter:card\" content=\"summary_large_image\" \/>\n<meta name=\"twitter:label1\" content=\"Tiempo de lectura\" \/>\n\t<meta name=\"twitter:data1\" content=\"4 minutos\" \/>\n<script type=\"application\/ld+json\" class=\"yoast-schema-graph\">{\"@context\":\"https:\/\/schema.org\",\"@graph\":[{\"@type\":\"WebPage\",\"@id\":\"https:\/\/borjanutri.com\/index.php\/politica-de-privacidad\/\",\"url\":\"https:\/\/borjanutri.com\/index.php\/politica-de-privacidad\/\",\"name\":\"Pol\u00edtica de privacidad - Borjanutri\",\"isPartOf\":{\"@id\":\"https:\/\/borjanutri.com\/#website\"},\"datePublished\":\"2023-08-20T13:26:32+00:00\",\"dateModified\":\"2023-08-20T18:10:34+00:00\",\"breadcrumb\":{\"@id\":\"https:\/\/borjanutri.com\/index.php\/politica-de-privacidad\/#breadcrumb\"},\"inLanguage\":\"es\",\"potentialAction\":[{\"@type\":\"ReadAction\",\"target\":[\"https:\/\/borjanutri.com\/index.php\/politica-de-privacidad\/\"]}]},{\"@type\":\"BreadcrumbList\",\"@id\":\"https:\/\/borjanutri.com\/index.php\/politica-de-privacidad\/#breadcrumb\",\"itemListElement\":[{\"@type\":\"ListItem\",\"position\":1,\"name\":\"Portada\",\"item\":\"https:\/\/borjanutri.com\/\"},{\"@type\":\"ListItem\",\"position\":2,\"name\":\"Pol\u00edtica de privacidad\"}]},{\"@type\":\"WebSite\",\"@id\":\"https:\/\/borjanutri.com\/#website\",\"url\":\"https:\/\/borjanutri.com\/\",\"name\":\"Borjanutri\",\"description\":\"\",\"potentialAction\":[{\"@type\":\"SearchAction\",\"target\":{\"@type\":\"EntryPoint\",\"urlTemplate\":\"https:\/\/borjanutri.com\/?s={search_term_string}\"},\"query-input\":\"required name=search_term_string\"}],\"inLanguage\":\"es\"}]}<\/script>\n<!-- \/ Yoast SEO plugin. -->","yoast_head_json":{"title":"Pol\u00edtica de privacidad - Borjanutri","robots":{"index":"noindex","follow":"follow"},"og_locale":"es_ES","og_type":"article","og_title":"Pol\u00edtica de privacidad - Borjanutri","og_description":"Qui\u00e9nes somosLa direcci\u00f3n de nuestra web es: https:\/\/www.borjanutri.com Uso de los datos obtenidos, tratamiento y responsableInformamos de que a trav\u00e9s de nuestra web no se obtienen datos de car\u00e1cter personal de los usuarios sin su conocimiento, ni tampoco cedemos, compartimos ni vendemos esos datos a terceros, seg\u00fan lo previsto en el art\u00edculo 5 de la [&hellip;]","og_url":"https:\/\/borjanutri.com\/index.php\/politica-de-privacidad\/","og_site_name":"Borjanutri","article_modified_time":"2023-08-20T18:10:34+00:00","twitter_card":"summary_large_image","twitter_misc":{"Tiempo de lectura":"4 minutos"},"schema":{"@context":"https:\/\/schema.org","@graph":[{"@type":"WebPage","@id":"https:\/\/borjanutri.com\/index.php\/politica-de-privacidad\/","url":"https:\/\/borjanutri.com\/index.php\/politica-de-privacidad\/","name":"Pol\u00edtica de privacidad - Borjanutri","isPartOf":{"@id":"https:\/\/borjanutri.com\/#website"},"datePublished":"2023-08-20T13:26:32+00:00","dateModified":"2023-08-20T18:10:34+00:00","breadcrumb":{"@id":"https:\/\/borjanutri.com\/index.php\/politica-de-privacidad\/#breadcrumb"},"inLanguage":"es","potentialAction":[{"@type":"ReadAction","target":["https:\/\/borjanutri.com\/index.php\/politica-de-privacidad\/"]}]},{"@type":"BreadcrumbList","@id":"https:\/\/borjanutri.com\/index.php\/politica-de-privacidad\/#breadcrumb","itemListElement":[{"@type":"ListItem","position":1,"name":"Portada","item":"https:\/\/borjanutri.com\/"},{"@type":"ListItem","position":2,"name":"Pol\u00edtica de privacidad"}]},{"@type":"WebSite","@id":"https:\/\/borjanutri.com\/#website","url":"https:\/\/borjanutri.com\/","name":"Borjanutri","description":"","potentialAction":[{"@type":"SearchAction","target":{"@type":"EntryPoint","urlTemplate":"https:\/\/borjanutri.com\/?s={search_term_string}"},"query-input":"required name=search_term_string"}],"inLanguage":"es"}]}},"_links":{"self":[{"href":"https:\/\/borjanutri.com\/index.php\/wp-json\/wp\/v2\/pages\/28"}],"collection":[{"href":"https:\/\/borjanutri.com\/index.php\/wp-json\/wp\/v2\/pages"}],"about":[{"href":"https:\/\/borjanutri.com\/index.php\/wp-json\/wp\/v2\/types\/page"}],"author":[{"embeddable":true,"href":"https:\/\/borjanutri.com\/index.php\/wp-json\/wp\/v2\/users\/1"}],"replies":[{"embeddable":true,"href":"https:\/\/borjanutri.com\/index.php\/wp-json\/wp\/v2\/comments?post=28"}],"version-history":[{"count":3,"href":"https:\/\/borjanutri.com\/index.php\/wp-json\/wp\/v2\/pages\/28\/revisions"}],"predecessor-version":[{"id":87,"href":"https:\/\/borjanutri.com\/index.php\/wp-json\/wp\/v2\/pages\/28\/revisions\/87"}],"wp:attachment":[{"href":"https:\/\/borjanutri.com\/index.php\/wp-json\/wp\/v2\/media?parent=28"}],"curies":[{"name":"wp","href":"https:\/\/api.w.org\/{rel}","templated":true}]}}